{"id":20,"date":"2017-03-09T22:20:43","date_gmt":"2017-03-09T21:20:43","guid":{"rendered":"http:\/\/fwg-woellstadt.de\/?page_id=20"},"modified":"2025-05-21T17:38:13","modified_gmt":"2025-05-21T15:38:13","slug":"fwg-verein","status":"publish","type":"page","link":"http:\/\/fwg-woellstadt.de\/index.php\/fwg-verein\/","title":{"rendered":"FWG-Verein"},"content":{"rendered":"\n<p><em>Unsere Vereinsvorstand von der Freien W\u00e4hlergemeinschaft W\u00f6llstadt.<\/em><\/p>\n\n\n\n<p>Am 10.01.2013 wurde die Freie W\u00e4hlergemeinschaft als Verein gegr\u00fcndet. Die FWG als politischer Akteur in W\u00f6llstadt gab es schon seit Jahrzehneten. In den 70er Jahren schloss sich die FWG mit der CDU zusammen. 1985 beendete die FWG diese Kooperation und tritt wieder eigenst\u00e4ndig bei Wahlen an.<\/p>\n\n\n\n<h3 class=\"wp-block-heading\">Wer ist die FWG?<\/h3>\n\n\n\n<p>Die FWG W\u00f6llstadt steht auf dem Boden des Grundgesetzes und der Hessischen Verfassung und bekennt sich zur freiheitlichen, demokratischen Grundordnung der Bundesrepublik Deutschland. Sie dient der politischen Willensbildung in der Gemeinde W\u00f6llstadt. Zweck der Freien W\u00e4hlergemeinschaft W\u00f6llstadt ist insbesondere die Entfaltung und Durchsetzung einer freien, sozialen und vor allem sachbezogenen Kommunalpolitik, die sich an den Erfordernissen und Bed\u00fcrfnissen der W\u00f6llst\u00e4dter B\u00fcrgerinnen und B\u00fcrger ausrichtet. Frei von \u00fcbergeordneten Parteiinteressen und durch eine parteipolitisch ungebundene und im B\u00fcrgerinteresse liegende Aufgabenwahrnehmung, soll die Arbeit der kommunalen Gremien unterst\u00fctzt werden.<\/p>\n\n\n\n<h3 class=\"wp-block-heading\">Wer kann Mitglied werden?<\/h3>\n\n\n\n<p>Mitglied im FWG-Verein k\u00f6nnen alle W\u00f6llst\u00e4dterinnen und W\u00f6llst\u00e4dter werden, die sich zum Grundgesetz der Bundesrepublik Deutschland und zur Hessischen Verfassung bekennt, schriftlich ausdr\u00fccklich versichert hat, keiner politischen Partei anzugeh\u00f6ren. Die FWG W\u00f6llstadt er\u00f6ffnet parteipolitisch ungebundenen B\u00fcrgerinnen und B\u00fcrgern die M\u00f6glichkeit, in ihrer Heimatgemeinde W\u00f6llstadt aktiv an der Gestaltung des kommunalpolitischen Gemeinschaftslebens teilzunehmen und unmittelbar Verantwortung zu tragen.<\/p>\n\n\n\n<p>Der FWG-Vereinsvorstand ist f\u00fcr die organisatorische Arbeit der Freien W\u00e4hlegemeinschaft zust\u00e4ndig. So plant der Verein Feste, ver\u00f6ffentlicht die W\u00f6llst\u00e4dter Nachrichten und die FWG-Internetseite und f\u00fchrt den Wahlkampf durch.<\/p>\n\n\n\n<h3 class=\"wp-block-heading\">Kann ich die FWG finanziell unterst\u00fctzen?<\/h3>\n\n\n\n<p>Ja, Spenden sind sogar abzugsf\u00e4hig. N\u00e4here Informationen finden Sie hier: <a href=\"http:\/\/fwg-woellstadt.de\/index.php\/fwg-verein\/informationen-zu-spenden-an-die-fwg\/\">Informationen zu Spenden an die FWG<\/a>.<\/p>\n\n\n\n<p><b><span style=\"font-size: 200%;\">der FWG-Vereinsvorstand<\/span><\/b><br><i>Politik von W\u00f6llst\u00e4dtern f\u00fcr W\u00f6llst\u00e4dter!<\/i><\/p>\n\n\n\n<p><style type=\"text\/css\"><!--\n.tftable {font-size:12px;color:#000000;width:60%;border-width: 0px;border-color: #000000;border-collapse: collapse;} .tftable th {font-size:12px;background-color:#0769bf;border-width: 0px;padding: 8px;border-style: solid;border-color: #729ea5;text-align:left; vertical-align:middle;} .tftable tr {background-color:#d4e3e5;} .tftable td {font-size:12px;border-width: 0px;padding: 8px;border-style: solid;border-color: #000000;}\n--><\/style><\/p>\n\n\n\n<figure class=\"wp-block-table tftable\"><table class=\"has-fixed-layout\"><tbody><tr><th>Name:<\/th><th><span style=\"font-size: 120%;\">Heinz-Hermann Bausch<\/span><\/th><th rowspan=\"4\"><figure><img loading=\"lazy\" decoding=\"async\" class=\"alignnone wp-image-585 size-full\" src=\"http:\/\/fwg-woellstadt.de\/wp-content\/uploads\/2020\/10\/Bausch.png\" alt=\"\" width=\"2472\" height=\"2553\" srcset=\"http:\/\/fwg-woellstadt.de\/wp-content\/uploads\/2020\/10\/Bausch.png 2472w, http:\/\/fwg-woellstadt.de\/wp-content\/uploads\/2020\/10\/Bausch-290x300.png 290w, http:\/\/fwg-woellstadt.de\/wp-content\/uploads\/2020\/10\/Bausch-992x1024.png 992w, http:\/\/fwg-woellstadt.de\/wp-content\/uploads\/2020\/10\/Bausch-768x793.png 768w, http:\/\/fwg-woellstadt.de\/wp-content\/uploads\/2020\/10\/Bausch-1487x1536.png 1487w, http:\/\/fwg-woellstadt.de\/wp-content\/uploads\/2020\/10\/Bausch-1983x2048.png 1983w\" sizes=\"auto, (max-width: 2472px) 100vw, 2472px\" \/><\/figure><\/th><\/tr><tr><td>Funktionen:<\/td><td><strong>1. Vorsitzender<\/strong><\/td><\/tr><tr><td>Beruf:<\/td><td>Wirtschaftspr\u00fcfer<\/td><\/tr><tr><td>Hobbys:<\/td><td>wandern, reisen<\/td><\/tr><\/tbody><\/table><\/figure>\n\n\n\n<figure class=\"wp-block-table tftable\"><table class=\"has-fixed-layout\"><tbody><tr><th>Name:<\/th><th><span style=\"font-size: 120%;\">Sebastian Briel<br><\/span><\/th><th rowspan=\"4\"><figure><img loading=\"lazy\" decoding=\"async\" class=\"alignnone size-medium wp-image-98\" src=\"http:\/\/www.fwg-woellstadt.de\/wp-content\/uploads\/Bilder\/Briel.png\" alt=\"Sebastian Briel\" width=\"300\" height=\"450\"><\/figure><\/th><\/tr><tr><td>Funktionen:<\/td><td><strong>2. Vorsitzender<\/strong><\/td><\/tr><tr><td>Beruf:<\/td><td>Dipl. Verwaltungswirt<\/td><\/tr><tr><td>Hobbys:<\/td><td>Vereinsleben und genie\u00dfen<\/td><\/tr><\/tbody><\/table><\/figure>\n\n\n\n<figure class=\"wp-block-table tftable\"><table class=\"has-fixed-layout\"><tbody><tr><th>Name:<\/th><th><span style=\"font-size: 120%;\">Ralf Liedtke<br><\/span><\/th><th rowspan=\"4\"><figure><img loading=\"lazy\" decoding=\"async\" class=\"alignnone wp-image-585 size-full\" src=\"http:\/\/fwg-woellstadt.de\/wp-content\/uploads\/2020\/10\/person-platzhalter.jpg\" alt=\"\" width=\"2472\" height=\"2553\"><\/figure><\/th><\/tr><tr><td>Funktionen:<\/td><td><strong>Kassenf\u00fchrer<\/strong><\/td><\/tr><tr><td>Beruf: Dipl.-Ing.<\/td><td>&nbsp;<\/td><\/tr><tr><td>Hobbys:<\/td><td>&nbsp;<\/td><\/tr><\/tbody><\/table><\/figure>\n\n\n\n<figure class=\"wp-block-table tftable\"><table class=\"has-fixed-layout\"><tbody><tr><th>Name:<\/th><th><span style=\"font-size: 120%;\">Torsten Greiff<\/span><\/th><th rowspan=\"4\"><figure><img loading=\"lazy\" decoding=\"async\" class=\"alignnone size-medium wp-image-98\" src=\"http:\/\/fwg-woellstadt.de\/wp-content\/uploads\/2020\/10\/person-platzhalter.jpg\" alt=\"Roland Jung\" width=\"300\" height=\"450\"><\/figure><\/th><\/tr><tr><td>Funktionen:<\/td><td><strong>Schriftf\u00fchrer<\/strong><\/td><\/tr><tr><td>Beruf:<\/td><td>IT Projektmanager, Landwirt<\/td><\/tr><tr><td>Hobbys:<\/td><td>Motarrad fahren, Ski laufen, Bergwandern, KI<\/td><\/tr><\/tbody><\/table><\/figure>\n\n\n\n<figure class=\"wp-block-table tftable\"><table class=\"has-fixed-layout\"><tbody><tr><th>Name:<\/th><th><span style=\"font-size: 120%;\">Bianca Best<\/span><\/th><th rowspan=\"4\"><figure><img loading=\"lazy\" decoding=\"async\" class=\"alignnone size-medium wp-image-98\" src=\"http:\/\/www.fwg-woellstadt.de\/wp-content\/uploads\/Bilder\/K\u00fcck.png\" alt=\"Bianca K\u00fcck\" width=\"300\" height=\"450\"><\/figure><\/th><\/tr><tr><td>Funktionen:<\/td><td><strong>Fraktionsvorsitzende<\/strong><\/td><\/tr><tr><td>Beruf:<\/td><td>Gepr. Management Assistentin<\/td><\/tr><tr><td>Hobbys:<\/td><td>Fahrrad fahren, unser Hund, lesen<\/td><\/tr><\/tbody><\/table><\/figure>\n\n\n\n<figure class=\"wp-block-table tftable\"><table class=\"has-fixed-layout\"><tbody><tr><th>Name:<\/th><th><span style=\"font-size: 120%;\">Gerhard Schlautek<\/span><\/th><th rowspan=\"4\"><figure><img loading=\"lazy\" decoding=\"async\" class=\"alignnone size-medium wp-image-98\" src=\"http:\/\/www.fwg-woellstadt.de\/wp-content\/uploads\/Bilder\/Schlautek.png\" alt=\"Gerhard Schlautek\" width=\"300\" height=\"450\"><\/figure><\/th><\/tr><tr><td>Funktionen:<\/td><td><strong>Fraktionsvorsitzender<\/strong><\/td><\/tr><tr><td>Beruf:<\/td><td>Fachlehrer in Pension<\/td><\/tr><tr><td>Hobbys:<\/td><td>Jugendleiter im Sportverein, Jugendspielgemeinschaft<\/td><\/tr><\/tbody><\/table><\/figure>\n\n\n\n<figure class=\"wp-block-table tftable\"><table class=\"has-fixed-layout\"><tbody><tr><th>Name:<\/th><th><span style=\"font-size: 120%;\">Daniela Liedtke<br><\/span><\/th><th rowspan=\"4\"><figure><img loading=\"lazy\" decoding=\"async\" class=\"alignnone wp-image-585 size-full\" src=\"http:\/\/fwg-woellstadt.de\/wp-content\/uploads\/2023\/10\/Dani-Liedtke.png\" alt=\"\" width=\"3208\" height=\"2968\"><\/figure><\/th><\/tr><tr><td>Funktionen:<\/td><td><strong>Beisitzerin<\/strong><\/td><\/tr><tr><td>Beruf:<\/td><td>Bankangestellte<\/td><\/tr><tr><td>Hobbys:<\/td><td>Garten, lesen, reisen<\/td><\/tr><\/tbody><\/table><\/figure>\n\n\n\n<figure class=\"wp-block-table tftable\"><table class=\"has-fixed-layout\"><tbody><tr><th>Name:<\/th><th><span style=\"font-size: 120%;\">Georg Wiederhold<br><\/span><\/th><th rowspan=\"4\"><figure><img loading=\"lazy\" decoding=\"async\" class=\"alignnone wp-image-1080 size-full\" src=\"http:\/\/fwg-woellstadt.de\/wp-content\/uploads\/2017\/03\/31-Wiederhold.png\" alt=\"\" width=\"593\" height=\"789\"><\/figure><\/th><\/tr><tr><td>Funktionen:<\/td><td><strong>Beisitzer<\/strong><\/td><\/tr><tr><td>Beruf:<\/td><td>Rentner<\/td><\/tr><tr><td>Hobbys:<\/td><td>Garten und Fu\u00dfball<\/td><\/tr><\/tbody><\/table><\/figure>\n\n\n\n<figure class=\"wp-block-table tftable\"><table class=\"has-fixed-layout\"><tbody><tr><th>Name:<\/th><th><span style=\"font-size: 120%;\">Peter Best<br><\/span><\/th><th rowspan=\"4\"><figure><img loading=\"lazy\" decoding=\"async\" class=\"alignnone wp-image-585 size-full\" src=\"http:\/\/fwg-woellstadt.de\/wp-content\/uploads\/2023\/10\/Peter-Best.png\" alt=\"\" width=\"3208\" height=\"2968\"><\/figure><\/th><\/tr><tr><td>Funktionen:<\/td><td><strong>Beisitzer<\/strong><\/td><\/tr><tr><td>Beruf:<\/td><td>Landwirt<\/td><\/tr><tr><td>Hobbys:<\/td><td>Jagd<\/td><\/tr><\/tbody><\/table><\/figure>\n\n\n\n<p><\/p>\n\n\n\n<p><\/p>\n","protected":false},"excerpt":{"rendered":"<div class=\"mh-excerpt\"><p>Unsere Vereinsvorstand von der Freien W\u00e4hlergemeinschaft W\u00f6llstadt. Am 10.01.2013 wurde die Freie W\u00e4hlergemeinschaft als Verein gegr\u00fcndet. Die FWG als politischer Akteur in W\u00f6llstadt gab es schon seit Jahrzehneten. In den 70er Jahren schloss sich die <a class=\"mh-excerpt-more\" href=\"http:\/\/fwg-woellstadt.de\/index.php\/fwg-verein\/\" title=\"FWG-Verein\">[&#8230;]<\/a><\/p>\n<\/div>","protected":false},"author":1,"featured_media":0,"parent":0,"menu_order":2,"comment_status":"closed","ping_status":"closed","template":"template-full.php","meta":{"_EventAllDay":false,"_EventTimezone":"","_EventStartDate":"","_EventEndDate":"","_EventStartDateUTC":"","_EventEndDateUTC":"","_EventShowMap":false,"_EventShowMapLink":false,"_EventURL":"","_EventCost":"","_EventCostDescription":"","_EventCurrencySymbol":"","_EventCurrencyCode":"","_EventCurrencyPosition":"","_EventDateTimeSeparator":"","_EventTimeRangeSeparator":"","_EventOrganizerID":[],"_EventVenueID":[],"_OrganizerEmail":"","_OrganizerPhone":"","_OrganizerWebsite":"","_VenueAddress":"","_VenueCity":"","_VenueCountry":"","_VenueProvince":"","_VenueState":"","_VenueZip":"","_VenuePhone":"","_VenueURL":"","_VenueStateProvince":"","_VenueLat":"","_VenueLng":"","_VenueShowMap":false,"_VenueShowMapLink":false,"footnotes":""},"class_list":["post-20","page","type-page","status-publish"],"_links":{"self":[{"href":"http:\/\/fwg-woellstadt.de\/index.php\/wp-json\/wp\/v2\/pages\/20","targetHints":{"allow":["GET"]}}],"collection":[{"href":"http:\/\/fwg-woellstadt.de\/index.php\/wp-json\/wp\/v2\/pages"}],"about":[{"href":"http:\/\/fwg-woellstadt.de\/index.php\/wp-json\/wp\/v2\/types\/page"}],"author":[{"embeddable":true,"href":"http:\/\/fwg-woellstadt.de\/index.php\/wp-json\/wp\/v2\/users\/1"}],"replies":[{"embeddable":true,"href":"http:\/\/fwg-woellstadt.de\/index.php\/wp-json\/wp\/v2\/comments?post=20"}],"version-history":[{"count":25,"href":"http:\/\/fwg-woellstadt.de\/index.php\/wp-json\/wp\/v2\/pages\/20\/revisions"}],"predecessor-version":[{"id":2067,"href":"http:\/\/fwg-woellstadt.de\/index.php\/wp-json\/wp\/v2\/pages\/20\/revisions\/2067"}],"wp:attachment":[{"href":"http:\/\/fwg-woellstadt.de\/index.php\/wp-json\/wp\/v2\/media?parent=20"}],"curies":[{"name":"wp","href":"https:\/\/api.w.org\/{rel}","templated":true}]}}

<p><em>Unsere Vereinsvorstand von der Freien Wählergemeinschaft Wöllstadt.</em></p>



<p>Am 10.01.2013 wurde die Freie Wählergemeinschaft als Verein gegründet. Die FWG als politischer Akteur in Wöllstadt gab es schon seit Jahrzehneten. In den 70er Jahren schloss sich die FWG mit der CDU zusammen. 1985 beendete die FWG diese Kooperation und tritt wieder eigenständig bei Wahlen an.</p>



<h3 class="wp-block-heading">Wer ist die FWG?</h3>



<p>Die FWG Wöllstadt steht auf dem Boden des Grundgesetzes und der Hessischen Verfassung und bekennt sich zur freiheitlichen, demokratischen Grundordnung der Bundesrepublik Deutschland. Sie dient der politischen Willensbildung in der Gemeinde Wöllstadt. Zweck der Freien Wählergemeinschaft Wöllstadt ist insbesondere die Entfaltung und Durchsetzung einer freien, sozialen und vor allem sachbezogenen Kommunalpolitik, die sich an den Erfordernissen und Bedürfnissen der Wöllstädter Bürgerinnen und Bürger ausrichtet. Frei von übergeordneten Parteiinteressen und durch eine parteipolitisch ungebundene und im Bürgerinteresse liegende Aufgabenwahrnehmung, soll die Arbeit der kommunalen Gremien unterstützt werden.</p>



<h3 class="wp-block-heading">Wer kann Mitglied werden?</h3>



<p>Mitglied im FWG-Verein können alle Wöllstädterinnen und Wöllstädter werden, die sich zum Grundgesetz der Bundesrepublik Deutschland und zur Hessischen Verfassung bekennt, schriftlich ausdrücklich versichert hat, keiner politischen Partei anzugehören. Die FWG Wöllstadt eröffnet parteipolitisch ungebundenen Bürgerinnen und Bürgern die Möglichkeit, in ihrer Heimatgemeinde Wöllstadt aktiv an der Gestaltung des kommunalpolitischen Gemeinschaftslebens teilzunehmen und unmittelbar Verantwortung zu tragen.</p>



<p>Der FWG-Vereinsvorstand ist für die organisatorische Arbeit der Freien Wählegemeinschaft zuständig. So plant der Verein Feste, veröffentlicht die Wöllstädter Nachrichten und die FWG-Internetseite und führt den Wahlkampf durch.</p>



<h3 class="wp-block-heading">Kann ich die FWG finanziell unterstützen?</h3>



<p>Ja, Spenden sind sogar abzugsfähig. Nähere Informationen finden Sie hier: <a href="http://fwg-woellstadt.de/index.php/fwg-verein/informationen-zu-spenden-an-die-fwg/">Informationen zu Spenden an die FWG</a>.</p>



<p><b><span style="font-size: 200%;">der FWG-Vereinsvorstand</span></b><br><i>Politik von Wöllstädtern für Wöllstädter!</i></p>



<p><style type="text/css"><!--
.tftable {font-size:12px;color:#000000;width:60%;border-width: 0px;border-color: #000000;border-collapse: collapse;} .tftable th {font-size:12px;background-color:#0769bf;border-width: 0px;padding: 8px;border-style: solid;border-color: #729ea5;text-align:left; vertical-align:middle;} .tftable tr {background-color:#d4e3e5;} .tftable td {font-size:12px;border-width: 0px;padding: 8px;border-style: solid;border-color: #000000;}
--></style></p>



<figure class="wp-block-table tftable"><table class="has-fixed-layout"><tbody><tr><th>Name:</th><th><span style="font-size: 120%;">Heinz-Hermann Bausch</span></th><th rowspan="4"><figure><img loading="lazy" decoding="async" class="alignnone wp-image-585 size-full" src="http://fwg-woellstadt.de/wp-content/uploads/2020/10/Bausch.png" alt="" width="2472" height="2553" srcset="http://fwg-woellstadt.de/wp-content/uploads/2020/10/Bausch.png 2472w, http://fwg-woellstadt.de/wp-content/uploads/2020/10/Bausch-290x300.png 290w, http://fwg-woellstadt.de/wp-content/uploads/2020/10/Bausch-992x1024.png 992w, http://fwg-woellstadt.de/wp-content/uploads/2020/10/Bausch-768x793.png 768w, http://fwg-woellstadt.de/wp-content/uploads/2020/10/Bausch-1487x1536.png 1487w, http://fwg-woellstadt.de/wp-content/uploads/2020/10/Bausch-1983x2048.png 1983w" sizes="auto, (max-width: 2472px) 100vw, 2472px" /></figure></th></tr><tr><td>Funktionen:</td><td><strong>1. Vorsitzender</strong></td></tr><tr><td>Beruf:</td><td>Wirtschaftsprüfer</td></tr><tr><td>Hobbys:</td><td>wandern, reisen</td></tr></tbody></table></figure>



<figure class="wp-block-table tftable"><table class="has-fixed-layout"><tbody><tr><th>Name:</th><th><span style="font-size: 120%;">Sebastian Briel<br></span></th><th rowspan="4"><figure><img loading="lazy" decoding="async" class="alignnone size-medium wp-image-98" src="http://www.fwg-woellstadt.de/wp-content/uploads/Bilder/Briel.png" alt="Sebastian Briel" width="300" height="450"></figure></th></tr><tr><td>Funktionen:</td><td><strong>2. Vorsitzender</strong></td></tr><tr><td>Beruf:</td><td>Dipl. Verwaltungswirt</td></tr><tr><td>Hobbys:</td><td>Vereinsleben und genießen</td></tr></tbody></table></figure>



<figure class="wp-block-table tftable"><table class="has-fixed-layout"><tbody><tr><th>Name:</th><th><span style="font-size: 120%;">Ralf Liedtke<br></span></th><th rowspan="4"><figure><img loading="lazy" decoding="async" class="alignnone wp-image-585 size-full" src="http://fwg-woellstadt.de/wp-content/uploads/2020/10/person-platzhalter.jpg" alt="" width="2472" height="2553"></figure></th></tr><tr><td>Funktionen:</td><td><strong>Kassenführer</strong></td></tr><tr><td>Beruf: Dipl.-Ing.</td><td>&nbsp;</td></tr><tr><td>Hobbys:</td><td>&nbsp;</td></tr></tbody></table></figure>



<figure class="wp-block-table tftable"><table class="has-fixed-layout"><tbody><tr><th>Name:</th><th><span style="font-size: 120%;">Torsten Greiff</span></th><th rowspan="4"><figure><img loading="lazy" decoding="async" class="alignnone size-medium wp-image-98" src="http://fwg-woellstadt.de/wp-content/uploads/2020/10/person-platzhalter.jpg" alt="Roland Jung" width="300" height="450"></figure></th></tr><tr><td>Funktionen:</td><td><strong>Schriftführer</strong></td></tr><tr><td>Beruf:</td><td>IT Projektmanager, Landwirt</td></tr><tr><td>Hobbys:</td><td>Motarrad fahren, Ski laufen, Bergwandern, KI</td></tr></tbody></table></figure>



<figure class="wp-block-table tftable"><table class="has-fixed-layout"><tbody><tr><th>Name:</th><th><span style="font-size: 120%;">Bianca Best</span></th><th rowspan="4"><figure><img loading="lazy" decoding="async" class="alignnone size-medium wp-image-98" src="http://www.fwg-woellstadt.de/wp-content/uploads/Bilder/Kück.png" alt="Bianca Kück" width="300" height="450"></figure></th></tr><tr><td>Funktionen:</td><td><strong>Fraktionsvorsitzende</strong></td></tr><tr><td>Beruf:</td><td>Gepr. Management Assistentin</td></tr><tr><td>Hobbys:</td><td>Fahrrad fahren, unser Hund, lesen</td></tr></tbody></table></figure>



<figure class="wp-block-table tftable"><table class="has-fixed-layout"><tbody><tr><th>Name:</th><th><span style="font-size: 120%;">Gerhard Schlautek</span></th><th rowspan="4"><figure><img loading="lazy" decoding="async" class="alignnone size-medium wp-image-98" src="http://www.fwg-woellstadt.de/wp-content/uploads/Bilder/Schlautek.png" alt="Gerhard Schlautek" width="300" height="450"></figure></th></tr><tr><td>Funktionen:</td><td><strong>Fraktionsvorsitzender</strong></td></tr><tr><td>Beruf:</td><td>Fachlehrer in Pension</td></tr><tr><td>Hobbys:</td><td>Jugendleiter im Sportverein, Jugendspielgemeinschaft</td></tr></tbody></table></figure>



<figure class="wp-block-table tftable"><table class="has-fixed-layout"><tbody><tr><th>Name:</th><th><span style="font-size: 120%;">Daniela Liedtke<br></span></th><th rowspan="4"><figure><img loading="lazy" decoding="async" class="alignnone wp-image-585 size-full" src="http://fwg-woellstadt.de/wp-content/uploads/2023/10/Dani-Liedtke.png" alt="" width="3208" height="2968"></figure></th></tr><tr><td>Funktionen:</td><td><strong>Beisitzerin</strong></td></tr><tr><td>Beruf:</td><td>Bankangestellte</td></tr><tr><td>Hobbys:</td><td>Garten, lesen, reisen</td></tr></tbody></table></figure>



<figure class="wp-block-table tftable"><table class="has-fixed-layout"><tbody><tr><th>Name:</th><th><span style="font-size: 120%;">Georg Wiederhold<br></span></th><th rowspan="4"><figure><img loading="lazy" decoding="async" class="alignnone wp-image-1080 size-full" src="http://fwg-woellstadt.de/wp-content/uploads/2017/03/31-Wiederhold.png" alt="" width="593" height="789"></figure></th></tr><tr><td>Funktionen:</td><td><strong>Beisitzer</strong></td></tr><tr><td>Beruf:</td><td>Rentner</td></tr><tr><td>Hobbys:</td><td>Garten und Fußball</td></tr></tbody></table></figure>



<figure class="wp-block-table tftable"><table class="has-fixed-layout"><tbody><tr><th>Name:</th><th><span style="font-size: 120%;">Peter Best<br></span></th><th rowspan="4"><figure><img loading="lazy" decoding="async" class="alignnone wp-image-585 size-full" src="http://fwg-woellstadt.de/wp-content/uploads/2023/10/Peter-Best.png" alt="" width="3208" height="2968"></figure></th></tr><tr><td>Funktionen:</td><td><strong>Beisitzer</strong></td></tr><tr><td>Beruf:</td><td>Landwirt</td></tr><tr><td>Hobbys:</td><td>Jagd</td></tr></tbody></table></figure>



<p></p>



<p></p>

<div class="mh-excerpt"><p>Unsere Vereinsvorstand von der Freien Wählergemeinschaft Wöllstadt. Am 10.01.2013 wurde die Freie Wählergemeinschaft als Verein gegründet. Die FWG als politischer Akteur in Wöllstadt gab es schon seit Jahrzehneten. In den 70er Jahren schloss sich die <a class="mh-excerpt-more" href="http://fwg-woellstadt.de/index.php/fwg-verein/" title="FWG-Verein">[&#8230;]</a></p>
</div>
