{"id":22,"date":"2017-03-09T22:21:14","date_gmt":"2017-03-09T21:21:14","guid":{"rendered":"http:\/\/fwg-woellstadt.de\/?page_id=22"},"modified":"2020-12-19T10:40:44","modified_gmt":"2020-12-19T09:40:44","slug":"mitglied-werden","status":"publish","type":"page","link":"http:\/\/fwg-woellstadt.de\/index.php\/mitglied-werden\/","title":{"rendered":"Mitglied werden"},"content":{"rendered":"<p>Wir laden Sie ein, bei der Freien W\u00e4hlergemeinschaft mitzumachen. Kommunalpolitik lebt von aktiver B\u00fcrgerbeteiligung. Wir bieten jeder Interessierte und jedem Interessierten einen Platz in unserer Gemeinschaft. Engagieren Sie sich mit uns gemeinsam f\u00fcr unsere Gemeinde.<\/p>\n<p>Parteien\u2026<\/p>\n<ul>\n<li>verfolgen Ideologien, die ausschlie\u00dflich bundes- oder landespolitische Probleme betreffen.<br \/><em>Die FWG W\u00f6llstadt arbeitet einzig und alleine auf kommunaler Ebene f\u00fcr W\u00f6llstadt.<\/em><\/li>\n<li>vereinen nur ideologisch gleichgesinnte Personen.<br \/><em>Die FWG W\u00f6llstadt ist die Gemeinschaft f\u00fcr alle demokratisch gesinnte Menschen, die sich f\u00fcr W\u00f6llstadt engagieren wollen.<\/em><\/li>\n<li>diskutieren in Hinterzimmern und bleiben auch meistens dort<br \/><em>Die FWG W\u00f6llstadt ist n\u00e4her an den Menschen. Wir engagieren uns in den Vereinen von W\u00f6llstadt und suchen das Gespr\u00e4ch mit den B\u00fcrgerinnen und B\u00fcrgern.<\/em><\/li>\n<li>verlangen eine \u00fcbertriebene Fraktions- und Parteidisziplin<br \/><em>Die FWG W\u00f6llstadt steht f\u00fcr Meinungsvielfalt und \u2013freiheit. Jede demokratische Einstellung, die dem Wohle unserer Gemeinde dient, wird akzeptiert.<\/em><\/li>\n<\/ul>\n<h3><b><span style=\"text-decoration: underline;\">Lassen Sie nicht zu, dass andere \u00fcber ihre Gemeinde entscheiden. Entscheiden Sie mit!<\/span><\/b><\/h3>\n<p>Wollen Sie mitreden?<\/p>\n<p>Dann wenden Sie sich einfach an ein FWG-Mitglied oder schreiben Sie uns: aktiv@FWG-Woellstadt.de<\/p>\n<p><a href=\"http:\/\/www.fwg-woellstadt.de\/wp-content\/uploads\/2013\/11\/Satzung.pdf\">Satzung des FWG-Vereins<\/a><br \/><a href=\"http:\/\/fwg-woellstadt.de\/wp-content\/uploads\/2020\/12\/Beitrittserklaerung-mit-Briefkopf.pdf\">FWG-Beitrittserkl\u00e4rung<\/a><br \/><a href=\"http:\/\/www.fwg-woellstadt.de\/wp-content\/uploads\/2013\/11\/FWG-Beitragsordnung.pdf\">FWG-Beitragsordnung<\/a><\/p>\n\n\n<div class=\"wp-block-buttons\" style=\"text-align: center;\"><\/div>\n\n\n\n<div style=\"height:40px\" aria-hidden=\"true\" class=\"wp-block-spacer\"><\/div>\n\n\n\n<p><\/p>\n","protected":false},"excerpt":{"rendered":"<div class=\"mh-excerpt\"><p>Wir laden Sie ein, bei der Freien W\u00e4hlergemeinschaft mitzumachen. Kommunalpolitik lebt von aktiver B\u00fcrgerbeteiligung. Wir bieten jeder Interessierte und jedem Interessierten einen Platz in unserer Gemeinschaft. Engagieren Sie sich mit uns gemeinsam f\u00fcr unsere Gemeinde. <a class=\"mh-excerpt-more\" href=\"http:\/\/fwg-woellstadt.de\/index.php\/mitglied-werden\/\" title=\"Mitglied werden\">[&#8230;]<\/a><\/p>\n<\/div>","protected":false},"author":1,"featured_media":0,"parent":0,"menu_order":3,"comment_status":"closed","ping_status":"closed","template":"template-full.php","meta":{"_EventAllDay":false,"_EventTimezone":"","_EventStartDate":"","_EventEndDate":"","_EventStartDateUTC":"","_EventEndDateUTC":"","_EventShowMap":false,"_EventShowMapLink":false,"_EventURL":"","_EventCost":"","_EventCostDescription":"","_EventCurrencySymbol":"","_EventCurrencyCode":"","_EventCurrencyPosition":"","_EventDateTimeSeparator":"","_EventTimeRangeSeparator":"","_EventOrganizerID":[],"_EventVenueID":[],"_OrganizerEmail":"","_OrganizerPhone":"","_OrganizerWebsite":"","_VenueAddress":"","_VenueCity":"","_VenueCountry":"","_VenueProvince":"","_VenueState":"","_VenueZip":"","_VenuePhone":"","_VenueURL":"","_VenueStateProvince":"","_VenueLat":"","_VenueLng":"","_VenueShowMap":false,"_VenueShowMapLink":false,"footnotes":""},"class_list":["post-22","page","type-page","status-publish"],"_links":{"self":[{"href":"http:\/\/fwg-woellstadt.de\/index.php\/wp-json\/wp\/v2\/pages\/22","targetHints":{"allow":["GET"]}}],"collection":[{"href":"http:\/\/fwg-woellstadt.de\/index.php\/wp-json\/wp\/v2\/pages"}],"about":[{"href":"http:\/\/fwg-woellstadt.de\/index.php\/wp-json\/wp\/v2\/types\/page"}],"author":[{"embeddable":true,"href":"http:\/\/fwg-woellstadt.de\/index.php\/wp-json\/wp\/v2\/users\/1"}],"replies":[{"embeddable":true,"href":"http:\/\/fwg-woellstadt.de\/index.php\/wp-json\/wp\/v2\/comments?post=22"}],"version-history":[{"count":6,"href":"http:\/\/fwg-woellstadt.de\/index.php\/wp-json\/wp\/v2\/pages\/22\/revisions"}],"predecessor-version":[{"id":1309,"href":"http:\/\/fwg-woellstadt.de\/index.php\/wp-json\/wp\/v2\/pages\/22\/revisions\/1309"}],"wp:attachment":[{"href":"http:\/\/fwg-woellstadt.de\/index.php\/wp-json\/wp\/v2\/media?parent=22"}],"curies":[{"name":"wp","href":"https:\/\/api.w.org\/{rel}","templated":true}]}}